
10
Calculate -3 + 7 - (15 + -92 + (-7 - (-1 - 0))).
87
What is the value of -90 - (-13 + 18 + -52)?
-43
Calculate 10 - (5 - -3 - (81 - 17)).
66
4 + -48 - (0 - -17 - (-53 - -67))
-47
What is -3 - (-6 + 13 + 9) - 18?
-37
-4 - (11 + -3) - (2 + 13 - (-26 + -8))
-61
What is the value of -78 + 98 + (0 - -2) - -33?
55
-29 + -55 + 19 - 24 - -29
-60
Calculate -87 - (39 - 49 - (5 + (0 + 2 - 11))).
-81
Calculate 14 - (33 + -55 + 105).
-69
What is the value of (-9 + -32 - -29) + (0 - 2 - 2) + 30?
14
Calculate 29 + (-25 - 38) + 12 - (-1 - 3).
-18
Calculate 57 - (56 + (-7 - -51 - 52)).
9
(-143 - -205) + (-20 - 68)
-26
Calculate -1 + 1 - 5 - (156 - (-22 + 209)).
26
Calculate -47 - -4 - (57 - 136).
36
Calculate -105 - (109 + -222) - (3 - 4 - -48).
-39
-35 + -24 + 52 + 0 + -3 + 10 + 29
29
7 + -37 + 45 + -40 - (8 + (0 - 2))
-31
Evaluate 76 + -103 + (2 - 1).
-26
-16 + 28 + -1 + 5 - 102
-86
What is the value of 2 - -74 - (-7 - -48)?
35
Evaluate 13 - ((9 - 30) + 18 + 2).
14
Calculate 13 + -10 - (16 - 1) - (292 - 337).
33
What is the value of -101 + (412 - 289) - (-1 + 39)?
-16
-14 - (-61 - -29 - 11)
29
What is the value of (1 - -16) + -27 - (-33 + 4)?
19
Calculate -85 - (-43 + 32 + 3 + (-1 - 8)).
-68
What is the value of -2 - 1 - (-43 - (62 - 125))?
-23
Evaluate 1 - ((-14 + 12 + 0 - -4) + -13 + 92).
-80
Calculate (-104 - (-21 - 8)) + -11 + 1 + 5.
-80
What is the value of (-30 - -13) + (2 + 0 - 6) + (16 - 6)?
-11
What is -197 + 427 + -195 - (12 + -1 - 1)?
25
-12 - -59 - (11 - -38)
-2
What is the value of -8 - (((-13 - -12) + 9 - 7) + -36)?
27
What is the value of 53 - (47 + -31) - 59?
-22
Calculate 19 - 5 - ((13 - 9) + 6 - -11).
-7
What is -9 + 36 - (80 + -69) - (105 - 5)?
-84
Calculate 15 + -14 + 7 - (-6 + 65 + -7).
-44
Evaluate 313 - 336 - (14 - 13).
-24
Calculate -36 + (17 - -80) + 1.
62
What is the value of -28 + (-29 + -25 + 43 - -38) - (0 - -64)?
-65
Calculate 135 + (91 - (-76 - -180)).
122
What is 20 + (-97 - (40 + -135))?
18
What is the value of 6 + 1 + -5 + (-20 - (-14 - -33))?
-37
9 + (-1 + (31 - 9 - 13) - -4 - 58)
-37
What is 30 + -4 + 5 + -37 - 124?
-130
What is (-204 - -250) + -25 + 5?
26
(-7 - 1) + -20 + -218 + 150
-96
Evaluate -31 + (104 + -121 - (2 + -5)).
-45
(-34 + -11 - -4) + 40 + -55 + 2 + -4
-58
What is the value of -121 - -132 - ((-2 - -1 - 59) + -112 + 116)?
67
What is the value of -504 + 524 - (3 - -59)?
-42
What is -35 - (-34 - -20) - 25?
-46
-16 + (16 - (-9 - -21)) + -20
-32
Evaluate 8 + -19 + -9 - (-31 + 22).
-11
Calculate -1 - 14 - (-154 - -125 - (-1 - 16) - -64).
-67
What is -172 + (114 - 59) + 131?
14
What is (-18 - -5) + 1 + 99 + -106?
-19
What is the value of (117 - -102) + -209 + -2 + (2 - (-54 + -2))?
66
What is -3 + 5 - (-9 + 5) - (22 - 9)?
-7
Evaluate (2 - 4 - 5) + (220 - 136) + -64.
13
Evaluate (15 - -1) + -14 + -2 + 0 + 1 + 0.
1
Evaluate -116 + 22 - (1 + (-9 - -3) - (5 - 1)).
-85
Calculate (63 - 51) + -103 + 45.
-46
What is 4 + (84 - (75 + -42)) - 25?
30
Calculate -55 - -13 - -18 - (-60 - 3).
39
What is the value of 6 - (5 - (-3 + 67) - (-48 - -65))?
82
What is the value of 2 + 74 + (-1 - 2) + 3 + (-555 - -551)?
72
What is the value of -111 - -14 - (-684 - -568)?
19
Calculate 38 - (20 - (0 + -1)) - -11.
28
What is 21 - (14 + (-21 - (-38 + 6)) + -14)?
10
What is the value of 20 + (-11 - 41 - 5) + 23?
-14
102 - (-5 + -6) - (1 - 0 - (-11 + 16))
117
(-8 - (-3 - (-4 - -4))) + (-40 - (30 - 22))
-53
What is (-1 + 115 - (-19 + 12)) + 77 + -41 + -44?
113
(10 + -17 - 37) + 24 + -8
-28
(-109 - (-89 - 43)) + 1 + -18
6
Evaluate -1116 + 1119 - (24 + 1).
-22
9 - (6 + -5 + 1 + 7 + (2 - 12))
10
(0 - (-2 + -1)) + (-45 + 24 - -34)
16
Evaluate -1 + 2 + -1 + (52 + -22 - -4).
34
-103 - ((-9 - -37) + -93)
-38
Calculate (83 - -56) + 70 - 127.
82
Calculate 25 + 29 + (0 - -2 - (-10 + 25)).
41
Calculate (39 - -19) + (-2 - 104).
-48
What is (36 - 16 - -21) + (-1 - 15)?
25
Evaluate 9 + 8 - 20 - (13 + 5 - -96).
-117
Calculate -10 - (2 + (31 - 16) - 98).
71
Evaluate 114 - (-64 + 125 + -41).
94
What is the value of 570 + -456 + (-6 - 15) + -3?
90
Calculate 16 - 13 - (161 + -149 - (24 + -1) - -2).
12
(32 - (-2 - 0)) + 2 + -67 + -40 + 99
28
Evaluate -78 - ((3 - -11) + -165 + 130 - -26).
-83
Calculate (2 - -51) + -2805 + 2731.
-21
Evaluate -22 - (0 - -3) - (-24 - -15 - -4).
-20
Calculate (-1 - (12 + -2 - 2)) + 37 - 0.
28
Evaluate -69 + -1 + -1 - (-7431 + 7408).
-48
-8 + -100 + 72 + -26
-62
129 + -122 + (3 - 5) - (-55 - -2)
58
-185 - -153 - (13 + -3)
-42
Evaluate (-1 - 9 - -13) + (5 - 11) + 2 - 12.
-13
50 + -39 - -9 - (-1 + 13)
8
Calculate -7 - (4 - 1) - -2 - (3 - (2 + -18)).
-27
Calculate -84 + (76 - -60) + -47.
5
What is -2 + 10 + 1 + 5 - -57?
71
-30 - -74 - (3 - -2) - (-3 - -5)
37
What is the value of (2 - -6) + 1 + (0 + 0 + -6 - -6)?
9
-3433 + 3530 + (11 - -4)
112
Calculate -23 + (0 + -19 - (594 - 692)).
56
Calculate -3 - -4 - (3353 + -3367).
15
What is the value of 77 + (-6 - -4) - ((-6 - (-23 + 4)) + -5)?
67
Calculate 0 + 17 - (18 + -38 + (-13 - -42)).
8
Evaluate (-104 - (23 - -7 - 48)) + 22.
-64
Calculate -2 - -8 - (-26 - -147 - (8 - 14 - 0)).
-121
Evaluate -15 - ((21 - 7) + -6 + -16).
-7
What is (4 + -6 + 6 - (-124 + 106)) + (-8 - 0)?
14
21 - 22 - (-16 + 7) - (24 + -3 + 6)
-19
44 + 1 + -10 + 24 + -22
37
What is -38 + 176 + -43 + -8?
87
What is the value of -7 + 2 - -14 - (-24 - -3) - (-12 + 0)?
42
What is -8 + (4 - 19 - -19) + (-1 - -80)?
75
What is the value of -83 + 48 - (-36 - 1)?
2
What is the value of -4 - (-6 + 12 + 33 + -37) - (1 - 0)?
-7
(-3177 - -3156) + (0 - 11)
-32
What is -1 - (0 - -1) - (-70 - (32 - (198 - 66)))?
-32
Calculate (-163 + 382 - 171) + (17 - 1).
64
Calculate -30 + -91 + (-54 - -172) + 0 + (-127 - 0).
-130
What is the value of -63 + (150 - -14) + -81?
20
Calculate 115 + (140 - 142) - 166.
-53
What is the value of -7 + -24 + -54 + 70?
-15
Evaluate (6 - (25 - (8 + 38))) + 40.
67
Evaluate (-30 - -20) + 60 + (6 - ((9 - 2) + 2)).
47
What is the value of 63 + (-1 - -2) - (-80 + 48 - -40)?
56
What is 32 + (-17 - -17) + 3 + -20 + -102?
-87
Calculate 21 - -1 - (-124 + 116 - -34).
-4
Calculate -77 - -67 - (97 + -1 + (4 - -3)).
-113
What is 96 + (-7 - (41 - 12)) + 33?
93
Calculate 27 - (-12 + (47 - 55)).
47
(106 - 84) + (2 - 26)
-2
Calculate (62 - -82 - 59) + -40.
45
Evaluate 1 + 7 + (-19 - (-35 + 173) - (9 + -36)).
-122
What is (7 - (72 + -65 + 8 + 1)) + (-26 - -2)?
-33
4 + 2 + 37 + (-108 - -102)
37
What is -68 + -2 + (14 - 4) + 30 + -30?
-60
(-222 - -86) + 89 + 77
30
What is -77 + (6 - 12) + (-4 - 10 - -9)?
-88
-10 - (23 - (-26 - -26) - 34)
1
Evaluate (-34 - 6) + (16 + 0 - 22).
-46
Calculate -14 + -143 - (-15 + -12 - -24).
-154
Calculate -695 + 780 - (24 - 0) - 24.
37
What is the value of (1 - 19) + (28 - (-2 - -3))?
9
Evaluate (-13 - (-17 + 6)) + (1 - 4).
-5
Evaluate -303 - -229 - (-6 + -12).
-56
Evaluate (-13 - 18 - -33) + -32 - -111.
81
What is the value of (-46 - (-46 + -20)) + -165 - (9 - 1)?
-153
What is 2 + -22 + 59 + -117 + -38?
-116
Evaluate 55 - ((-33 + 22 - 4) + 22).
48
Evaluate 3 + (12 - -65) - (190 - 174).
64
What is the value of -28 + -11 + 5 + 165 + -159 + -16?
-44
-75 - 1 - (-5 + -8 + 49 + -43)
-69
68 + -110 + 56 - (-22 + -4)
40
10 - (5 - -2 - 2 - (-6 - (42 - 7)))
-36
Calculate -11 + -13 + (109 - 119) - -50.
16
Evaluate 0 + (12080 - 12087 - (-2 + 1 - 39)).
33
What is the value of -63 - 1 - (-2 + -24 - -1 - (875 + -913))?
-77
What is the value of (0 - 13) + -1 + (-196 - -197)?
-13
-35 + 1 + (137 - 54) + 11
60
(4 + -6 - -21) + (25 - 19) + -13
12
6127 + -6122 - (-2 - 0 - 7)
14
What is (41 - 17) + -11 + 3 + -9?
7
What is 57 + -2 + ((11 - -89) + -103 - (1 + -8))?
59
What is (-14 - -8) + (9 - (-43 + (-6 - 7)))?
59
What is the value of 27 - ((-5 + 7 - (-3 + 4)) + (-3 - 3))?
32
13 - (-56 + (-14 - (-15 - -15)) + 19)
64
Evaluate (1 - -5) + 0 - ((10 - -17 - 31) + 26).
-16
What is (18 - -21) + 62 - 51?
50
Calculate 584 - 562 - (-3 - (0 + 18)).
43
Evaluate -88 - (-87 - (-126 + 67)).
-60
Calculate -45 - (129 - 97 - (-20 + 15)).
-82
What is the value of 1 + (4 + -3 + -2 - -70) + 601 + -602?
69
What is the value of (12 - -78) + 12 + 7 + 1 + -9?
101
6 - (-8 - (6 - (-13 + 23)) - -25)
-15
Evaluate 41 - ((-4 - (-6 - 6) - 9) + -8) - 7.
43
Evaluate -6 + 9 + -6 + (1066 - 1086).
-23
What is the value of (-37 + 52 - 20) + 6 + (1 - (1 - -69))?
